ine k(-1).
-3
Let y(a) = -a**2 + 2. Let p be (-2)/6 + (-20)/(-6). Give y(p).
-7
Let k(h) = -h**2 - 5. Let n(t) be the first derivative of -t**3/3 - 2*t**2 + t + 1. Let r be n(-4). Let c(l) = l**2 - l. Let d be c(r). Calculate k(d).
-5
Let d(a) = a - 5. Suppose 0 = c - 1 + 8. Suppose 2*z = -5*q - 54, 3*q + 30 = z - 9. Let s = c - q. Determine d(s).
0
Let q(p) = p**3 - 5*p**2 + 5*p - 1. Let x = 136 + -132. What is q(x)?
3
Let n(j) be the first derivative of -j**4/4 - 2*j**3 + 3*j**2 - 8*j + 1. Let c(z) = -16*z + 105. Let q be c(7). Determine n(q).
-1
Let u(l) be the third derivative of l**4/3 - l**3/6 - 11*l**2. Calculate u(1).
7
Let q(w) = w - 1. Let z be ((-5)/(-2))/((-1)/4). Let g = z - -16. Give q(g).
5
Let m = 18 - 16. Suppose j - m = 2*j. Let z(f) = -4*f - 1. What is z(j)?
7
Let f(m) = m**2 - 3*m - 1. Let d(j) = -j**3 - 3*j**2 - j - 1. Let s be d(-3). Let t be -3 + s - (5 - 9). Calculate f(t).
-1
Let m(c) = -3*c + 2. Let t(r) = r**3 + 2*r**2 - 5*r + 2. Let u be t(-4). Let o be (-6)/(-10) + (-14)/u. Suppose -4*k - 8 = o*d, -12 - 3 = 5*k. Determine m(d).
-4
Let g(q) = -q**2 - 8*q - 3. Let f(d) = 2*d**2 + 15*d + 6. Let l(v) = -4*f(v) - 7*g(v). Let a = -18 + 11. Let u = 5 + a. Calculate l(u).
1
Let z be -3 - (-1)/(2 - 1). Let l(o) = 2*o. Give l(z).
-4
Suppose 33 = 4*a + 5. Let f = a - 6. Let u be 3/(-3 - -3 - f). Let c(o) = -o**2 - 4*o - 1. Give c(u).
2
Let l(v) = -2*v**3 + 3*v**2. Let r(t) = -36*t - 8 + 18*t + 16*t. Let f be r(-5). Determine l(f).
-4
Let l(a) = 9*a + 52. Let w(n) = -10*n - 63. Let f(b) = 6*l(b) + 5*w(b). Let q be 2/(-1)*(-18)/(-4). Let s be q/(-4) - (-3)/(-12). Give f(s).
5
Let l(r) = -2*r + 7 + 6*r - 7*r - r**2 + 2*r. Calculate l(0).
7
Let t(j) be the first derivative of -j**2/2 - 10. Suppose -s + 5*r = -2*s + 30, 3*s + 4*r = 35. Calculate t(s).
-5
Let j(z) = -z**3 + z - 3. Let i be (7/(-14))/(2/4). Let l be (-1)/(1 - (i + 3)). Let a = -1 + l. Determine j(a).
-3
Let z(j) = -j**2 + j - 24. Let w be z(0). Let g = -17 - w. Let t(o) = o - 7. Give t(g).
0
Let q(n) = -n**3 - 3*n**2 + 4*n + 4. Let b be q(-4). Let t(c) = -c**2 + 4. Give t(b).
-12
Suppose x - 5 = -0*x + 4*o, 3*o + 8 = 5*x. Let f be 1*(x - 2)/1. Let c(m) = m + 5*m + m. Determine c(f).
-7
Let o(i) be the first derivative of -i**4/4 - 7*i**3/3 - i**2/2 + 3*i - 23. What is o(-7)?
10
Let g be (5*(0 - -3))/1. Let o = -11 + g. Let v(a) = -a**3 + 4*a**2 - 2*a. Determine v(o).
-8
Let x(a) = a - 3. Let q(s) = -s**2 + 12. Let h be q(0). Suppose h = 5*b - 3. Give x(b).
0
Let x(n) = -n**2 + 4*n - 3. Let t be x(2). Let q be -1 - (6/(-3) - t). Let a(f) = -4*f + 0*f + f**2 + 1 + 2*f. Calculate a(q).
1
Let k(d) = d**2 + 6*d + 9. Let f be k(-8). Suppose 0*j = 5*j - f. Let i(o) = -1 + 5*o - j - 3*o. Determine i(4).
2
Let v(t) = t**3 + 14*t**2 - 15*t - 3. Let c be v(-15). Let z(r) = -3 - 4*r + r**3 + 0*r**3 + 9*r**2 - 6*r**2. Give z(c).
9
Suppose -14 = -4*w + 2. Let d(k) = 10 - 6 - k + 3. What is d(w)?
3
Suppose -a = 1 - 6. Let o(m) = m**3 - 4*m**2 - 5*m. Determine o(a).
0
Let l be 2 - 0/(2 - 3). Let n(b) = 2*b**2 - 2*b - 1. Let v be n(-1). Let j(o) = -3*o**l + 5*o**2 + 2*o**2 + v*o + 2 - 3*o**2. Calculate j(-3).
2
Let b be 7/(-4) + 0 + 2. Let u(w) be the first derivative of 0*w + 1 + b*w**4 + 5/3*w**3 - 1/2*w**2. Give u(-5).
5
Let z(i) = 3*i**3 - 2*i**2 - i. Let v be z(-1). Let f(l) = -l - 4. What is f(v)?
0
Suppose -7*m + 2*m = -20. Let g = -6 - -12. Suppose -m*a + a = -g. Let c(q) = -2*q**3 + 4*q**2 - 3*q. What is c(a)?
-6
Let s(m) = -m + 1. Let x be s(5). Let a = -3 - x. Let o(i) = i**3 + i - 1. Give o(a).
1
Let m(b) = -6 - 5*b**2 + 1 - b**3 - 1 + 4*b. Suppose -2*k + 3*k = 2*g + 36, 0 = 5*k + 5*g - 135. Suppose s - 6*s = k. What is m(s)?
6
Let i = -10 + 16. Suppose -i*a = -3*a + 6. Let t(c) = 3*c + 3. Give t(a).
-3
Let n(d) = 1 - 2*d**2 - 6*d + 6*d**2 - 3*d**2. Give n(4).
-7
Let g(j) be the first derivative of j**3/3 + 5*j**2/2 + 4*j + 1. Give g(-4).
0
Let q(w) = -w**2 + w. Let s = 3 - 3. Let l = s + 0. What is q(l)?
0
Let r(q) = 2*q**2 - 6*q. Suppose j = -3*l - 2, 0 = j - 6*j + 2*l - 10. Let p be 30/9 - j/3. Give r(p).
8
Let q(j) = -j**3 + j**2 + j + 1. Suppose -2*x = 3*n - 9, -4*x - 12 = -4*n - x. Suppose 0 = -2*b + n*b. Give q(b).
1
Let c = 8 + -6. Let s(z) = -c*z + 3*z - 2*z + z**2 - 2. What is s(3)?
4
Let b(j) = -j**2 - 6*j + 1. Let m(x) = x**2 + 6*x - 1. Let o(t) = 2*b(t) + 3*m(t). Calculate o(-6).
-1
Let d(x) = x**2 - 3*x + 11. Suppose -5*t + 4 + 1 = 0. Let l(w) = -w + 1. Let u(z) = t*d(z) - 2*l(z). Determine u(0).
9
Let i(g) be the third derivative of g**7/5040 - g**6/120 - g**5/60 - 3*g**2. Let k(w) be the third derivative of i(w). What is k(4)?
-2
Let h(i) = -i**2 + 14*i + 18. Let y be h(15). Let s(a) = -3*a + 2. What is s(y)?
-7
Let z(u) be the second derivative of u**7/2520 - u**6/360 + u**4/12 - 3*u. Let q(c) be the third derivative of z(c). What is q(-2)?
8
Suppose -3 = -4*q + 17. Let d(c) = c - 1. Let t be d(q). Let v(u) = -1. Let j(b) = -2*b. Let o(n) = j(n) - 3*v(n). Give o(t).
-5
Let l be ((-6)/(-3) - 0)/1. Let k(p) = -2*p + l - 4 + 0*p. Determine k(3).
-8
Let l(j) = j**2 + 3*j + 3. Let s be l(-3). Let v(i) = -i**3 + 5*i**2 - 5*i + 4. Calculate v(s).
7
Let p(u) = -4 - 3 - 14*u + 5 + 6*u + u**2. Determine p(6).
-14
Suppose l - 31 = 5*z, 5 = 5*l + 5*z - 0*z. Let q(u) = u**3 - 5*u**2 - 5*u - 6. Give q(l).
0
Let f(x) = -x**3 - x**2 - 2*x - 1. Let i be f(-1). Let u(p) = -10*p**2 + p. What is u(i)?
-9
Let h(q) = -q**2 - q - 2. Let d be h(0). Let l(f) = -4*f + 3. Let x(u) = 3*u - 2. Let s(m) = -3*l(m) - 5*x(m). Determine s(d).
7
Let x(w) = -6*w**3 + 6*w**2 - 3*w + 10. Let y(c) = 7*c**3 - 6*c**2 + 2*c - 11. Let m(z) = 6*x(z) + 5*y(z). Determine m(5).
-10
Suppose 2 + 1 = -d. Let y(q) = -q + 4. Calculate y(d).
7
Let t(i) = -16*i. Let o be t(-1). Suppose -5*p + 5*x - o = -2*p, 4*x - 17 = p. Suppose -6*c + p*c = -3. Let a(z) = 3*z**2. Give a(c).
3
Let i(t) = t**3 + 3*t**2 - 7*t - 6. Suppose 1 = -n + 2. Let y = -3 - n. Calculate i(y).
6
Let t(m) be the third derivative of 1/6*m**3 + 1/12*m**4 - 1/12*m**5 + m**2 + 0*m + 0. Determine t(-1).
-6
Let c(g) be the third derivative of -g**7/2520 - g**6/720 + g**5/120 - g**4/8 - 2*g**2. Let o(t) be the second derivative of c(t). Determine o(-3).
-5
Let a(x) be the first derivative of 1/3*x**3 + 2*x**2 - 1 - x. Determine a(-4).
-1
Let c(r) = -r**2 + 1. Let t(m) = -m + 3*m - 3 - 3 + 4*m. Let l(o) = -c(o) + t(o). Calculate l(-6).
-7
Let a(t) = t**2 - t - 1. Let i(y) = -4*y**2 + 9*y. Let l(o) = -5*a(o) - i(o). Give l(-5).
0
Suppose 0 = 2*v + v + 5*b - 16, -16 = -4*v - 4*b. Let z be 91/26 + (-3)/2. Let g(n) = -v - 2*n - 3*n + 0*n**z - n**2. Calculate g(-4).
2
Suppose 0 = 3*u - 9, 0*g + g = 2*u. Let j(m) = 0*m**3 + 1 + m + 4*m - g*m**2 + m**3 - 3. What is j(5)?
-2
Let z(a) = a - 9. Let t(b) = -3. Let l(s) = 7*t(s) - 2*z(s). What is l(4)?
-11
Let j be (-2)/(-6) + 5/3. Let s(y) be the third derivative of -y**4/4 + y**3/2 + 16*y**2 - 2. Calculate s(j).
-9
Let t(g) = -g**3 + 4*g**2 - 2*g - 4. Let n(s) = -4*s**3 - 2*s**2 + 1. Let q be n(-1). Calculate t(q).
-1
Suppose 0 = 4*s + s - 20. Suppose -s*k + 3 = -21. Let y(g) = -g**2 + 8*g - 7. What is y(k)?
5
Let t(m) = m**2 + 12*m + 37. Let x be t(-8). Let o(q) = q - 7. What is o(x)?
-2
Let b(t) be the second derivative of -t**6/120 - t**5/60 + 5*t**3/6 - 9*t**2/2 + 5*t. Let r(f) be the first derivative of b(f). Calculate r(0).
5
Let j(d) = 11*d**2 - 7*d**2 + 3*d - 6*d + 4*d. What is j(-1)?
3
Let s(l) = l**3 + 13*l**2 + 13*l + 6. Let f be s(-12). Let p(h) = -h**3 - 6*h**2 + 3*h + 8. Determine p(f).
-10
Let g(t) = t + 3*t + 84 + 79 - 168. Let x be (-4)/2*(-2)/1. Determine g(x).
11
Let j(f) = -f**3 + f**2 - f. Let s(q) = q**2 - 4*q + 1. Let w be s(4). Let p = 3 - w. Suppose -5*r + 3*r = 0, -o + p = -5*r. Determine j(o).
-6
Let a(z) be the third derivative of 1/8*z**4 + 7*z**2 - 1/30*z**5 + 0 + 1/2*z**3 + 0*z. Give a(3).
-6
Let r(u) = u**2 + 4*u + 1. Let a be r(-3). Let s be 1/(1*a/10). Let j(t) = -t**2 - 5*t + 5. What is j(s)?
5
Let k(q) = -q**3 + 7*q**2 - 5*q - 6. Suppose b + 4 = 0, -35 = -3*j - 3*b + 8*b. Let g = 0 - -5. Suppose 6*w - g*l - 40 = w, 0 = 4*w - j*l - 34. Determine k(w).
0
Let w(q) = -q**2 + 6*q - 5. Suppose 6*u = u + 30. Calculate w(u).
-5
Let n be (-1*2 - -5) + -1. Let a = 1 + 3. Let